r of 702 and 26?
26
What is the highest common divisor of 90 and 420?
30
What is the highest common divisor of 3234 and 3102?
66
Calculate the greatest common divisor of 153 and 5933.
17
Calculate the highest common factor of 656 and 1136.
16
Calculate the highest common divisor of 67880 and 40.
40
Calculate the highest common divisor of 8920 and 40.
40
What is the highest common divisor of 153 and 12087?
153
Calculate the greatest common factor of 1452 and 33.
33
Calculate the greatest common factor of 1792 and 616.
56
Calculate the highest common factor of 50 and 490.
10
What is the highest common factor of 170 and 51?
17
What is the greatest common factor of 14 and 35?
7
What is the highest common factor of 520 and 80?
40
What is the highest common divisor of 261 and 203?
29
What is the greatest common factor of 96 and 1632?
96
What is the highest common divisor of 908 and 8?
4
What is the highest common divisor of 493 and 116?
29
What is the greatest common divisor of 18 and 153?
9
Calculate the highest common divisor of 780 and 13.
13
Calculate the highest common divisor of 1856 and 29.
29
Calculate the greatest common divisor of 434 and 14.
14
What is the greatest common divisor of 69 and 2829?
69
What is the greatest common divisor of 124 and 651?
31
Calculate the highest common divisor of 167 and 835.
167
What is the highest common divisor of 3500 and 275?
25
What is the highest common divisor of 1832 and 8?
8
What is the highest common factor of 8245 and 170?
85
What is the highest common factor of 180 and 10845?
45
Calculate the greatest common factor of 2016 and 1120.
224
Calculate the highest common divisor of 2867 and 47.
47
Calculate the greatest common factor of 156 and 96.
12
What is the greatest common divisor of 24339 and 266?
133
What is the highest common factor of 276 and 12?
12
What is the greatest common divisor of 574 and 82?
82
Calculate the greatest common divisor of 22 and 3.
1
What is the greatest common divisor of 2023 and 3808?
119
What is the greatest common factor of 86 and 344?
86
What is the greatest common divisor of 186 and 774?
6
What is the greatest common factor of 3 and 603?
3
What is the greatest common factor of 1744 and 1417?
109
What is the greatest common divisor of 7 and 1351?
7
What is the greatest common factor of 294 and 1568?
98
Calculate the greatest common factor of 210 and 750.
30
What is the greatest common factor of 272 and 306?
34
Calculate the greatest common divisor of 160 and 40.
40
Calculate the highest common divisor of 54 and 15525.
27
Calculate the greatest common divisor of 10123 and 53.
53
Calculate the highest common factor of 72 and 4288.
8
What is the greatest common divisor of 9325 and 150?
25
What is the highest common divisor of 190 and 38?
38
What is the highest common divisor of 30 and 135?
15
What is the greatest common factor of 2662 and 44?
22
What is the highest common divisor of 3952 and 80?
16
What is the highest common factor of 69 and 368?
23
What is the highest common factor of 13176 and 48?
24
Calculate the greatest common divisor of 85 and 374.
17
Calculate the greatest common divisor of 5 and 135.
5
What is the highest common divisor of 81 and 63?
9
Calculate the highest common divisor of 130 and 30.
10
Calculate the greatest common divisor of 25 and 185.
5
Calculate the highest common factor of 12 and 948.
12
What is the highest common divisor of 580 and 60?
20
Calculate the highest common divisor of 2244 and 88.
44
What is the highest common factor of 88 and 11?
11
What is the greatest common factor of 6165 and 315?
45
What is the highest common factor of 4 and 2372?
4
Calculate the highest common factor of 162 and 126.
18
Calculate the greatest common divisor of 27070 and 10.
10
Calculate the greatest common factor of 72 and 216.
72
Calculate the highest common divisor of 155 and 11160.
155
Calculate the highest common divisor of 20 and 140.
20
Calculate the highest common factor of 1 and 5195.
1
What is the greatest common divisor of 2125 and 500?
125
What is the highest common divisor of 176 and 2272?
16
Calculate the highest common divisor of 680 and 24.
8
Calculate the highest common factor of 6613 and 17.
17
What is the greatest common divisor of 416 and 2002?
26
What is the highest common divisor of 1 and 109?
1
What is the greatest common factor of 4988 and 344?
172
Calculate the greatest common divisor of 192 and 3.
3
What is the greatest common divisor of 182 and 14?
14
Calculate the greatest common factor of 344 and 1247.
43
Calculate the highest common divisor of 72 and 198.
18
Calculate the greatest common divisor of 817 and 76.
19
What is the highest common factor of 405 and 1296?
81
What is the highest common divisor of 10 and 50?
10
What is the greatest common factor of 7160 and 560?
40
What is the highest common divisor of 928 and 1653?
29
What is the greatest common factor of 2240 and 48?
16
What is the highest common factor of 88 and 72?
8
Calculate the greatest common divisor of 2567 and 119.
17
What is the greatest common divisor of 138 and 483?
69
Calculate the greatest common divisor of 121 and 29161.
121
What is the highest common factor of 15 and 110?
5
What is the greatest common factor of 23972 and 52?
52
Calculate the greatest common divisor of 8 and 7384.
8
Calculate the greatest common divisor of 120 and 276.
12
Calculate the greatest common factor of 21 and 1078.
7
What is the greatest common factor of 13 and 377?
13
Calculate the greatest common divisor of 57 and 551.
19
What is the greatest common divisor of 377 and 1334?
29
What is the highest common divisor of 1332 and 3404?
148
What is the greatest common factor of 28 and 294?
14
Calculate the greatest common factor of 13600 and 50.
50
What is the greatest common divisor of 17739 and 146?
73
What is the greatest common divisor of 5 and 10?
5
What is the greatest common factor of 225 and 25?
25
What is the greatest common factor of 456 and 969?
57
Calculate the highest common factor of 3 and 501.
3
Calculate the highest common divisor of 901 and 106.
53
Calculate the greatest common factor of 35 and 35.
35
Calculate the highest common divisor of 531 and 9.
9
What is the highest common factor of 2541 and 154?
77
Calculate the highest common factor of 341 and 22.
11
What is the highest common divisor of 888 and 66?
6
What is the greatest common divisor of 136 and 238?
34
Calculate the greatest common factor of 22562 and 58.
58
What is the highest common divisor of 399 and 57?
57
What is the highest common divisor of 2337 and 41?
41
What is the greatest common factor of 36 and 252?
36
What is the greatest common divisor of 441 and 49?
49
What is the highest common factor of 336 and 273?
21
Calculate the greatest common divisor of 6804 and 28.
28
Calculate the highest common divisor of 1581 and 1530.
51
Calculate the greatest common factor of 986 and 306.
34
What is the greatest common factor of 15 and 65?
5
What is the greatest common factor of 60 and 5390?
10
Calculate the greatest common factor of 40745 and 145.
145
What is the greatest common factor of 195 and 45?
15
Calculate the greatest common divisor of 166 and 166.
166
What is the highest common factor of 40 and 6220?
20
What is the greatest common factor of 126 and 1722?
42
Calculate the highest common divisor of 132 and 308.
44
What is the highest common divisor of 216 and 1632?
24
What is the greatest common divisor of 154 and 42?
14
Calculate the greatest common factor of 230 and 276.
46
What is the highest common factor of 464 and 16?
16
What is the highest common factor of 1 and 43?
1
Calculate the greatest common divisor of 4 and 668.
4
What is the greatest common factor of 1313 and 13?
13
What is the greatest common factor of 8 and 2?
2
Calculate the greatest common divisor of 1 and 1097.
1
Calculate the highest common divisor of 80 and 16.
16
Calculate the greatest common divisor of 96 and 336.
48
What is the highest common factor of 27 and 69?
3
Calculate the highest common factor of 3094 and 476.
238
Calculate the greatest common factor of 110 and 16115.
55
Calculate the greatest common factor of 15 and 285.
15
Calculate the highest common divisor of 220 and 1375.
55
Calculate the highest common factor 